et y(i) = i**3 - 11*i**2 + 10*i + 2. Let q be y(9). List the prime factors of 13/(-13) - (q + -1).
2, 5, 7
Suppose 41*h = 45*h - 364. Let r = h - 40. List the prime factors of r.
3, 17
Suppose -5*a - d = -9258, 4*a - 3*d - 22 = 7392. What are the prime factors of a?
2, 463
Let y = -2456 + 3496. What are the prime factors of y?
2, 5, 13
Let s = 2078 + -1666. List the prime factors of s.
2, 103
Let u be 2/(-9) + (-122)/18. Let c(z) = z**3 + 7*z**2 - 11*z - 10. Let d be c(u). Suppose 0 = -5*m + a + d + 39, -4*a = 5*m - 101. List the prime factors of m.
3, 7
Let v = -782 + 1381. List the prime factors of v.
599
Let a be 139 - (6 + 6/(-3)) - -1. List the prime factors of -4 - (4 - a)*2.
2, 5, 13
Let t = 2891 - 1843. List the prime factors of t.
2, 131
Let f(c) = 82*c - 183. List the prime factors of f(23).
13, 131
What are the prime factors of ((-2619)/45)/(1/(-10))?
2, 3, 97
Suppose 13*k - 8748 = 7*k. List the prime factors of k.
2, 3
Let n(v) = v + 10. Let f(a) = 7*a + 60. Let o(k) = -6*f(k) + 34*n(k). List the prime factors of o(-12).
2, 19
Let z = -34 + 58. Let y = -18 + z. Suppose 8*l + y = 11*l. What are the prime factors of l?
2
Let q(j) be the first derivative of j**4/4 - 2*j**3/3 - 7*j**2/2 + 3*j + 8. List the prime factors of q(5).
43
Let z = 263 - 128. List the prime factors of z.
3, 5
Let j = -995 - -1414. List the prime factors of j.
419
Let g = 863 - 506. Suppose 91 - g = -5*y + n, 3*n = -2*y + 120. What are the prime factors of y?
2, 3
Let t(q) = -q**3 + 12*q**2 + 6*q - 16. Let g be t(12). Suppose b - 64 = g. What are the prime factors of b?
2, 3, 5
Let z be 12/(-8) - 6/(-4). Suppose 5*c + 26 - 361 = z. Suppose g = 3*a - 74, -2*g + c = 4*a - 15. List the prime factors of a.
23
Let x = 7553 + -4658. List the prime factors of x.
3, 5, 193
Let b be (-2)/5*2*-205. Suppose -5*a = 5*k - 40, 0 = -4*a + 9 + 3. Suppose 2*t = 5*m + 5*t - b, k*t + 78 = 2*m. List the prime factors of m.
2, 17
Suppose 5*i + 115 = 360. List the prime factors of i.
7
Let z = 524 + 1328. List the prime factors of z.
2, 463
Let m(p) = -3*p**3 - 2*p**2 - 8*p + 13. Let v(o) = -4*o**3 - o**2 - 7*o + 13. Let c(y) = 5*m(y) - 4*v(y). What are the prime factors of c(8)?
3, 5
Let v = 38 - 68. Let d = -57 - v. Let w = d - -47. What are the prime factors of w?
2, 5
Let p be (-702)/30*((-20)/(-6))/1. Let y(n) = -n - 31. Let o be y(0). Let d = o - p. What are the prime factors of d?
47
Let s be -4*(4 + -3) + 6. Suppose 4*w + 6 = k, 5*w - s*k + 7*k + 20 = 0. What are the prime factors of 6/2 + (-72)/w?
3, 13
Let i be 14/(-7)*(-3 + (-6)/(-4)). Let g = i - -79. What are the prime factors of g?
2, 41
Suppose 1776 = -9*c - 879. Let m = c - -422. List the prime factors of m.
127
Let p = -27 + 6. List the prime factors of (-1455)/p - (-8)/(-28).
3, 23
Let s(r) = -4*r - 8. Let k be s(-2). Suppose a - 22 = -2*c + 2*a, k = 3*c + 4*a - 33. List the prime factors of c.
11
Suppose -5*v + 3*v + 4 = 0. Suppose -56 = -0*q - 4*q - 3*b, -v*b - 93 = -5*q. What are the prime factors of q?
17
Let m be (-1)/(8/(-26))*10*2. Let c = m + 5. What are the prime factors of c?
2, 5, 7
List the prime factors of 88*-22*((-8 - 7) + 14).
2, 11
Suppose 5*x + 208 - 533 = 0. Let g(k) = 2*k**2 + 3*k + 4. Let o be g(-5). Suppose -3*l = 2*s - 72, -2*s - x - o = -5*l. List the prime factors of l.
2, 11
Suppose q - 270 = -4*q - 5*w, -4*w = -4*q + 216. Let k = q - 38. List the prime factors of k.
2
List the prime factors of (226/(-6))/(7/(-21)).
113
Let t(s) = -1087*s**3 + 2*s**2 - 2*s - 2. List the prime factors of t(-1).
3, 11
Let w = 19 - 16. Suppose w = -5*r + 13. Suppose 0 = r*o - 6 - 8. List the prime factors of o.
7
Suppose 6 = 12*m + 42. What are the prime factors of m - ((-9415)/55 + (-2)/(-11))?
2, 3, 7
Suppose 5*o - 2*o - 30 = 0. Let u(w) be the second derivative of w**3/2 - 3*w**2 + 16*w. What are the prime factors of u(o)?
2, 3
Suppose -3*l + 2*i - 14 = -0*l, 0 = i + 2. Let x(z) = -z**2. Let w(f) = 3*f**2 - f + 3. Let h(k) = -w(k) - 4*x(k). List the prime factors of h(l).
3
Suppose 5*j - 1843 = 1087. Suppose 7*w - j = 121. List the prime factors of w.
101
Let u(w) be the third derivative of w**5/20 + w**4/24 - w**3/3 + 17*w**2. Suppose -b - 3*r + 4 + 0 = 0, 12 = -2*b + 4*r. List the prime factors of u(b).
2
Let b be 4/6 - 130/(-39). Suppose 17 - 71 = g + 2*w, 0 = -b*w + 20. Let x = 110 + g. What are the prime factors of x?
2, 23
Let c be 8/(-3)*(168/(-32) + -3). Let n(o) = 14*o - 65. List the prime factors of n(c).
3
Let g = 2928 - 1113. What are the prime factors of g?
3, 5, 11
Suppose -4*l = -u + 333, -4*l = -0*u + 2*u - 726. List the prime factors of u.
353
List the prime factors of (-16)/(-64) + (-4737)/(-12).
5, 79
Let f be 2*1/(-9) - 1862/(-441). Suppose 5*c - f*d - 298 = 0, -c + 8 = 3*d - 44. What are the prime factors of c?
2, 29
Let a = -9 + 7. Let f = a + -4. What are the prime factors of (-190)/f - 6/(-18)?
2
Let n(l) = l**3 - 17*l**2 - 9*l - 44. What are the prime factors of n(18)?
2, 59
Suppose 5*t - j = 5, -5*t = -0*j + 2*j - 20. Let k be (-12)/(-9)*(-3)/t. Let h(b) = -2*b**3 + b**2 - 4. What are the prime factors of h(k)?
2
Let i(n) = 24*n**2 - 4*n - 4. Let c be i(-1). Let s = c + 48. What are the prime factors of s?
2, 3
Suppose 5 = 2*d - 5*l, 5*d + l = -1 - 0. Suppose d = -4*q - 4*c + 584, 3*q + q - 580 = -2*c. What are the prime factors of q?
2, 3
Suppose -3*w + 9 + 0 = 0. Let r(k) = k**2 - 4*k - 1. Let s be r(w). What are the prime factors of ((-234)/s)/(33/44)?
2, 3, 13
Suppose -7*v = -10*v + 12. Suppose 3*o - 249 = -4*m, -v*m - 5*o = -44 - 203. What are the prime factors of m?
3, 7
Suppose 3*k = 7*k - 4, -i + 2*k + 1680 = 0. What are the prime factors of i?
2, 29
Suppose -3*z - 2*z = -2*l - 1768, 5*z = 5*l + 1765. What are the prime factors of z?
2, 3, 59
Let o = -6 - -2. Let p be (-24)/10*30/o. Suppose 5*x - 5*n = 30, 0 = 4*x + 2*n - 4*n - p. What are the prime factors of x?
3
Let d be (-1 - (9/3 + -4)) + -81. Let g = 264 + d. List the prime factors of g.
3, 61
Let h = -42 - -45. Suppose 92 = -h*t + 4*t. List the prime factors of t.
2, 23
Let v(j) = -j + 6. Let o be v(-3). Suppose 14*x + 30 = o*x. What are the prime factors of (27 - -7)/((-4)/x)?
3, 17
Suppose 36 = 2*t + u - 2*u, -4*u = -3*t + 54. Let j = 42 - t. What are the prime factors of j?
2, 3
Suppose 2*n = -2*x + 99 + 93, -2*x + 4*n + 168 = 0. Let h = x + -33. What are the prime factors of h?
59
Suppose 0 = 4*g + 3*v - 1289, -3*g - 7*v + 6*v + 973 = 0. What are the prime factors of g?
2, 163
Let x(m) = m**2 + m + 42. Let j(c) = c + 20. Let s be j(-20). What are the prime factors of x(s)?
2, 3, 7
Let g(k) = k**3 + 33*k**2 - 120*k + 38. List the prime factors of g(-36).
2, 5, 47
Let p = 292 + 234. List the prime factors of p.
2, 263
Let h(t) = 5*t**2 + 13*t - 3. Let n(x) = x**2 + x - 1. Let c(d) = h(d) - 4*n(d). List the prime factors of c(-11).
23
Let b = 165 - -106. List the prime factors of b.
271
Let r = -1174 - -1823. What are the prime factors of r?
11, 59
What are the prime factors of 2825/4 + (-80)/64?
3, 5, 47
Let z(k) = -k**3 + 2*k**2 - k + 1421. List the prime factors of z(0).
7, 29
Let q(l) = -l**3 + 5*l**2 + 5*l - 4. Let u be q(6). Let w = u - -14. What are the prime factors of w/10 + (-226)/(-10)?
23
Let w(l) = -l**3 + 17*l**2 + 5*l + 13. List the prime factors of w(12).
13, 61
Let o = 421 - -313. What are the prime factors of o?
2, 367
Let t = 7199 + -4071. List the prime factors of t.
2, 17, 23
Suppose -36 = -3*v + 15. Let m(a) = -2*a - v - a - 4*a. What are the prime factors of m(-5)?
2, 3
Let i(b) = 48*b**2 - b - 3. Let g be ((-16)/3)/4 - (-20)/(-30). List the prime factors of i(g).
191
Let u(q) = -q**2 - 18*q - 7. Let w be u(-12). Let f = -27 + w. List the prime factors of f.
2, 19
Let d = -22 + 42. Suppose 5*x + 56 = 3*l, -2*x - d = 3*x. What are the prime factors of (-8)/l + (-204)/(-9)?
2, 11
Let b(w) = w**3 + 3*w**2 - 11*w - 2. Let q be b(-5). Suppose 3*o - 11 = 4*l - q*l, 17 = -4*l + 3*o. Let r(h) = 12*h**2 - 2. What are the prime factors of r(l)?
2, 23
Let p(d) = d**2 + 9*d - 10. Let z be p(-20). Suppose 6*y - 4*w = y + z, 4*y + w = 189. List the prime factors of y.
2, 23
Let j(r) = 2810*r**2 + 16*r + 15. List the prime factors of j(-1).
53
List the prime factors of (-32)/(7 + 4310/1845*-3).
2, 3, 41